 = -h + 4*h. What is the highest common factor of 1081 and h?
47
Let a(n) = 3*n**2 + 13*n + 70. Let f be a(-6). Suppose 0 = 15*p + 5*p - f. What is the highest common divisor of 45 and p?
5
Let n(w) = w**2 - w - 7. Suppose -5*o = -9*o - 16. Let s be n(o). Suppose -3*j + 39 = -0*j. Calculate the greatest common divisor of j and s.
13
Let z(j) = -j**2 - 12*j - 3. Let d be z(-7). Let h be ((-2)/2)/(4/d*-2). What is the greatest common divisor of h and 32?
4
Let v(f) = 4*f**3 + 2*f**2 + 2. Let k be v(2). Suppose -k*w - 150 = -47*w. Let c be 13/2 + 3/(-6). What is the greatest common factor of c and w?
6
Let g(y) = -1 - 2*y + 8 - 3. Let t be g(-4). Suppose o - 4 = 0, -3*k + 63 = 3*o - 3. What is the highest common factor of t and k?
6
Let t be -12*(37 - 39)*1/8. Let g = -33 + 77. Suppose x = 3*v - x - g, 0 = t*v + 4*x - 74. What is the highest common divisor of v and 54?
18
Let k(w) = 2*w**2 - 33*w - 6. Let n be k(17). Suppose 0 = 2*a - 0*o + 5*o - 173, 4*o = 5*a - 515. What is the greatest common divisor of n and a?
11
Suppose -a - a + 5*f = 21, a - 3*f + 13 = 0. Suppose -v + 4*v = 9, -5*v = -a*c - 7. Suppose -6 = c*p - 10*p. What is the highest common divisor of p and 4?
1
Let g be 22*((-3)/(-9))/((-6)/(-9)). Calculate the highest common divisor of g and 1.
1
Let b(n) = -n + 13. Suppose -g = -4*g - 5*c + 43, -g = 4*c - 12. Suppose -g*r + 21*r = 0. Let m be b(r). Calculate the greatest common factor of m and 39.
13
Suppose -3*f + 4*f = -18. Let r be f/(-30) + 104/10. Calculate the greatest common divisor of r and 88.
11
Let b be -2*1*-2 + 34 + 4. What is the highest common divisor of 14 and b?
14
Let v = -259 - -154. Let a be (4 + 15/(-3))*v. What is the greatest common divisor of a and 15?
15
Let x(m) = -m**3 + 10*m**2 - 6*m - 42. Let t be x(8). Let n = 214 + t. Calculate the greatest common factor of n and 28.
28
Suppose 5*w + 66 = 8*w. Suppose q - 2*n - 21 = 32, q + 5*n - 60 = 0. What is the highest common divisor of w and q?
11
Let t be (-1819)/357 - -9 - (-14)/147. Let y be (-4)/(-3)*15/2. Calculate the greatest common divisor of t and y.
2
Suppose 0 = 99*k - 89*k - 130. What is the greatest common factor of k and 26?
13
Let s be 2/(-6)*22*-1*30. Suppose -4*t + 49 = -87. Let n = t + -14. What is the greatest common factor of s and n?
20
Let d(f) = 50*f**2 + 0 + 0 - 2 - 49*f**2 + 8*f. Let a be d(-9). Let l be 2/7 - (-47)/7. Calculate the highest common divisor of l and a.
7
Let v(y) = 41*y + 18. Let n be v(6). What is the greatest common factor of n and 198?
66
Let c(t) = t**2 - t + 54. Suppose 3*i + 0*i = -6*i. Let h be c(i). What is the highest common divisor of 6 and h?
6
Let s(a) = 26*a + 3*a - 9*a + 27 + a**2. Let l be s(-19). What is the highest common factor of l and 20?
4
Suppose 114 = 3*m - 3*j, 0*m - 78 = -2*m + 3*j. Let c = -18 + m. Let q(g) = -g**2 - 10*g + 20. Let k be q(-5). Calculate the highest common divisor of c and k.
9
Suppose -66*p - 848 = -82*p. Calculate the highest common divisor of p and 424.
53
Let h = -1004 + 1060. Calculate the highest common factor of 126 and h.
14
Let t = 146 - 80. Suppose 71*g - t*g - 840 = 0. What is the greatest common factor of 21 and g?
21
Let z = -18 + 23. Suppose -5 = -z*p + 15. Suppose -p = -d + 23. Calculate the highest common divisor of d and 54.
27
Suppose 30 + 57 = 3*w. Let z = -49 - -14. Let a be -3 + (-11260)/z - (-4)/14. What is the highest common factor of a and w?
29
Let z = -56 + 128. What is the highest common factor of 96 and z?
24
Let x = -2331 - -3315. What is the greatest common factor of 48 and x?
24
Suppose -161 = -5*w + 34. Let n(m) = m**3 - 3*m**2 + m - 4. Let j be n(3). Let f be (14/35)/(j/(-65)). Calculate the highest common factor of w and f.
13
Let i be 4/14 - (-52)/14. Suppose -i*t = -16 - 4. Suppose -2*p + 35 = r, -t*p + 4*p + 5 = 0. Calculate the highest common factor of 10 and r.
5
Suppose 34*f - 28*f - 1254 = 0. Calculate the highest common factor of f and 38.
19
Suppose -i = -2*i + 22. Let d be ((-4)/8)/((-19)/1672). Calculate the greatest common factor of i and d.
22
Let d be (-353)/353*-1*1*17. Let f = 225 - 89. Calculate the greatest common divisor of f and d.
17
Suppose 0 = 4*j - m + 2*m - 85, -3*j + 3*m + 45 = 0. Suppose -4*d = 4*u + d - 29, j = 5*u + 3*d. Calculate the highest common divisor of 5 and u.
1
Let o = 81 + -162. Let j = o - -93. Calculate the greatest common divisor of j and 84.
12
Let w be ((-25)/40 + 1)*8. Let f(d) = d + 3. Let c be f(w). Calculate the greatest common factor of c and 66.
6
Let t = -33 - -39. Suppose -q = 2*f - 56, 3*q + 163 = t*q + f. Let x be (-2)/5 - (-192)/30. What is the highest common divisor of x and q?
6
Let v(z) = 3*z + 6. Let m be v(-2). Let c(n) = n**3 + n**2 - n + 7. Let b be c(m). Calculate the highest common divisor of b and 56.
7
Let l be 1 + (2 - 3) - -12. Let h(f) = -f**2 - 54*f + 298. Let q be h(5). What is the highest common divisor of l and q?
3
Let n(b) = -4 - 9*b**2 + 10 + b**3 - 5 + 3 + 10*b. Let i be n(8). Calculate the greatest common factor of i and 30.
10
Let g(h) = 2*h**2 - h + 10. Let p be g(0). Suppose -r = 3*r + 4*d - 68, 0 = -2*r - 5*d + 28. Let y = r - 9. Calculate the highest common factor of p and y.
10
Let y(o) = 2*o**2 - 25*o + 2. Suppose 7*q - 2*q = 65. Let h be y(q). What is the greatest common divisor of 5 and h?
5
Let v = -113 + 132. Let g be 1516/8 + 3/6. What is the greatest common divisor of v and g?
19
Let x be (8/(-5) - -2)/((-1)/(-20)). Suppose p = 10 + x. Calculate the highest common divisor of p and 12.
6
Let h = 61 + -47. Calculate the greatest common divisor of h and 28.
14
Suppose 0 = 2*j - g - 6 - 3, -5*g - 31 = -3*j. Let r be 2/4*(-2)/1. Let u = r + j. Calculate the greatest common factor of 5 and u.
1
Let a be (28/(-6))/(2/(-3)). Suppose -3*k + 4*k = -5*k. Suppose k = h - a. Calculate the greatest common divisor of 21 and h.
7
Suppose -9 - 33 = 2*v. Let s = 21 + v. Suppose 2*k + s*q = -5*q + 129, 0 = -2*k - 2*q + 138. What is the highest common divisor of k and 9?
9
Let f(m) = 4*m - 2. Let q be f(6). Suppose -5*i = -2*k + 37, q + 7 = 4*k - i. Calculate the highest common factor of k and 18.
6
Let x = 92 - 92. Let h be (12 - -2) + (x - 3 - -5). What is the highest common factor of 16 and h?
16
Let s(m) = 145*m + 10 - 34 - 153*m. Let q be s(-6). Calculate the greatest common divisor of 144 and q.
24
Let l = 28 + -14. Let o(h) = h - 11. Let s be o(l). What is the highest common divisor of s and 3?
3
Let v = 101 - 85. What is the highest common divisor of 16 and v?
16
Let c = 14 + -4. Let u be -7 - (-865)/15 - (-2)/(-3). Calculate the greatest common divisor of u and c.
10
Suppose 14*x - 633 + 171 = 0. What is the highest common divisor of x and 231?
33
Let f(q) = -15*q + 13*q - 23 + 5*q. Let r be f(17). Calculate the highest common factor of 7 and r.
7
Let u be 17/102 + -19*11/(-6). What is the highest common divisor of u and 21?
7
Let q(b) be the second derivative of -b**5/20 + b**4/3 + 2*b**3/3 - 2*b**2 + 5*b. Let n be q(4). Calculate the greatest common factor of 24 and n.
12
Let x(g) = -68*g - 1. Let f(r) = 34*r. Let b(t) = 5*f(t) + 3*x(t). Let c be b(-3). Calculate the greatest common divisor of c and 9.
9
Suppose 0 = 5*f + 165*g - 168*g - 68, 0 = -5*g + 20. Calculate the highest common factor of f and 1688.
8
Suppose 2*x - 3*x + 17 = 0. Suppose -2*c + 212 = -60. Calculate the highest common factor of c and x.
17
Let p = -231 - -1500. Calculate the highest common divisor of 94 and p.
47
Suppose 3*z = -12 + 18. Suppose b + 2*h - 54 = 0, 2*b - z*h - 87 = h. Calculate the greatest common factor of 24 and b.
24
Let a be (-3)/((-12)/136) - 4. Let p = -39 - -114. What is the highest common divisor of p and a?
15
Let c = -40 + 31. Let n = 45 - c. What is the highest common divisor of n and 36?
18
Let o = 0 - -2. Suppose -3*s + 115 = 2*s - o*b, -s - 3*b = -6. Calculate the highest common factor of 189 and s.
21
Let x = -87 - -22. Let q = x - -73. Calculate the highest common divisor of 2 and q.
2
Let n = -210 - -839. Calculate the highest common divisor of 37 and n.
37
Let v(c) = 11*c - 2. Let l be v(-3). Let z be ((-78)/21 - -2)*l. Suppose -3*m = -m - z. Calculate the greatest common divisor of 12 and m.
6
Let i = -932 - -971. Suppose 3*v - 46 = 125. Let c = v - i. What i